 of k?
2, 3, 7
Let w(n) = n**2 - 36*n - 155. Let r be w(40). Suppose -3*p + 1188 = 5*h - 2*h, -1950 = -r*p + h. What are the prime factors of p?
17, 23
Suppose -30*n - 312 = -17*n. What are the prime factors of (20 + n)/((-4)/662)?
2, 331
Suppose 7*j - 8*j = -60. Let q = 61 - j. List the prime factors of 83 + (-5 - (-5)/q).
83
Let c(z) = -z**2 - 9*z. Let u be c(-9). Suppose -2*o + 6*o - 1928 = u. Suppose 378 = 4*n - o. List the prime factors of n.
5, 43
Let c(t) = -6*t**3 + 8*t**2 + 5*t + 10. Let x(p) = -7*p**3 + 9*p**2 + 6*p + 12. Let a(n) = -5*c(n) + 4*x(n). What are the prime factors of a(5)?
11, 13
Let b be (-8)/(-6)*162/12. Suppose b*k - 88 = 16*k. Suppose 0 = -6*c + k + 232. What are the prime factors of c?
2, 23
Let o be -1*(-106)/34 - (-10)/(-85). Suppose 2*k + 3*q - 1497 = 0, -o*q = -4*k + 1412 + 1609. What are the prime factors of k?
3, 251
Suppose 5*k + 7039 = -5*q + 294804, 0*k = -5*k. List the prime factors of q.
67, 859
Let c(g) = 2*g - 37. Let u be c(29). List the prime factors of u/2*(-2380)/(-49).
2, 3, 5, 17
Let p = 6507 - 4563. What are the prime factors of p?
2, 3
Suppose 33*b = -137*b + 2064820. What are the prime factors of b?
2, 6073
Let c(d) = -3*d**3 - 7*d**2 + 6*d + 5. Let k be c(-6). Let t = -121 + k. Let p = t + -137. List the prime factors of p.
107
Let y = -18585 + 27593. What are the prime factors of y/6 + ((-224)/(-21))/16?
2, 751
Let y = -9154 - -12945. What are the prime factors of y?
17, 223
Let k(d) = 13*d + 13. Let i be k(3). Let b = -33 + i. Suppose -b = -j - 2*s + 134, 10 = 5*s. What are the prime factors of j?
149
Let t(a) = -a**2 - 40*a - 343. What are the prime factors of t(-27)?
2
Suppose 6548 = -15*y - 14*y + 46887. What are the prime factors of y?
13, 107
Suppose 75*q - 76*q + 207 = 0. Let k = q - 111. What are the prime factors of k?
2, 3
Let n(s) = -4*s - 23. Let b be ((-18)/3)/(-2) + 10/(-1). Let t be n(b). List the prime factors of (624/40)/(1/t).
2, 3, 13
Let p be 1*((-2)/14 + (-129)/(-21)). Suppose 36 - 6 = p*t. Suppose -5*f + 0*f + 156 = 4*d, 2*f = -t*d + 59. List the prime factors of f.
2
Let s be (-39)/(-6) - -3*3/(-18). Suppose 152 = -4*n + s*n. What are the prime factors of (-4 - -5)/(2/n)?
2, 19
Let o(f) = -3742*f + 1518. List the prime factors of o(-6).
2, 3, 5, 17, 47
Suppose -12*x = -13*x + 288. Let t = x - 109. List the prime factors of t.
179
Let l = -35 - -30. Let u be (2056/l)/((-2)/5). What are the prime factors of (-1)/(-6) - u/(-24)?
43
Let k(u) = -u**3 + 9*u**2 - 4*u + 3. Suppose 3 = -w - 7. Let l be (12/(-7))/(w/35). What are the prime factors of k(l)?
3, 29
Suppose -56*s = 147816 - 508456. What are the prime factors of s?
2, 5, 7, 23
Let k(l) = 2399*l + 193. List the prime factors of k(5).
2, 11, 277
Let y(p) = 1974*p + 590. List the prime factors of y(4).
2, 4243
Let j(h) = -2*h + 12. Let s be j(9). Let w(u) = -2*u - 10. Let r be w(s). Suppose -2*b - 2*z + r = -106, 0 = -3*b - z + 156. What are the prime factors of b?
3, 17
Let q be ((-20448)/14)/(-6) + (-12)/(-21). Suppose -q = -0*t - 3*t + 2*b, -t - 4*b = -100. What are the prime factors of t?
2, 3, 7
Let i(t) = 169*t**2 + 2*t - 4. Let q be i(-2). Suppose q = 4*z + 2*f, -2*z + 5*f = -337 - 9. List the prime factors of z.
2, 3, 7
Suppose l = 11*l - 70. Let q(o) = o**3 - 6*o**2 - 5*o + 10. Let g be q(l). List the prime factors of 468/g - (-1)/(-2).
19
Suppose -256 = -4*x - c, -2*x + 2 + 126 = -4*c. List the prime factors of (-2)/(24/(-183))*x.
2, 61
Let j(s) = s**3 + s**2 - 2. Let b(l) = 4*l**3 + 6*l**2 - 6*l + 7. Let f(c) = -b(c) + j(c). List the prime factors of f(-7).
733
Let w = -81 + 84. Suppose 2*o = 3*d - 7*d + 300, 2*d = w*o + 150. What are the prime factors of d?
3, 5
Suppose 5 = -s + 4*g, -s + 2*s + 2*g = 7. Let w(x) = 215*x**2 - 4*x + 9. List the prime factors of w(s).
2, 3, 7, 23
Suppose -13*u = -17288 - 6385. Suppose -2*j - 1708 = -2*z + 92, -5*j + u = 2*z. List the prime factors of z.
3, 7, 43
Let s(b) = -b + 8. Let v be s(4). Suppose k + v*n - 148 = 0, -5*k + 3*n + n + 788 = 0. What are the prime factors of k?
2, 3, 13
Let l(q) = 236*q**3 - q. Let h be l(-1). Suppose 11*n - 5479 = -1838. Let z = h + n. List the prime factors of z.
2, 3
Let k be (2/(-3) - 55/(-33)) + 306. Let v = -14 + k. What are the prime factors of v?
293
Suppose 12*q - 39*q - 53811 = 0. Let m = -1037 - q. What are the prime factors of m?
2, 239
Suppose -20 = 24*j - 28*j. Suppose -d - d + j*h = -459, -d + 234 = -4*h. What are the prime factors of d?
2, 3, 37
Let c = 16 + -14. Suppose -4*q - k = -33 + c, q - k = 14. Suppose q*z - 5*z - 584 = 0. List the prime factors of z.
2, 73
Let g(z) = 78*z + 201. Let t be ((-162)/108)/(1/(-8)*2). What are the prime factors of g(t)?
3, 223
Let i be 3 + -11 + 8 - 0. Let g(b) = b**3 - 8*b**2 + 9*b - 10. Let t be g(7). Suppose -5*u = t*d - u - 240, i = -2*u. What are the prime factors of d?
2, 3, 5
Let m(i) = 6*i**2 - 16*i - 66. Let p be m(6). Let v = 6 + -4. Suppose 0 = a - l - 44, -l - p - 29 = -v*a. What are the prime factors of a?
3, 13
What are the prime factors of 284/(-213)*(2 + (-28894)/8)?
4813
Let y be (-6)/(-11) + (-69480)/330. What are the prime factors of y/((-2)/6 + (-35)/21)?
3, 5, 7
Suppose 0 = -66*f + 63*f + 426. What are the prime factors of (-18)/(-72)*f/(-1)*-18?
3, 71
Let k(x) = x + 1. Let p be k(1). Let w(l) = 45*l**p + l + l**2 + 1 + l**2. What are the prime factors of w(-1)?
47
Let m be ((-116)/8)/((-2)/4). Suppose -4 = -33*q + 32*q. Suppose -q*v + 161 = s, -3*v + m = -2*s + 296. List the prime factors of s.
3, 47
Suppose -3*x + 3*c = -38478, 385*x - 386*x = 3*c - 12838. List the prime factors of x.
12829
What are the prime factors of (4580/8)/((-1)/(-60))?
2, 3, 5, 229
Let i(z) = -5*z + 238. Let n be i(34). Let a = 390 + n. List the prime factors of a.
2, 229
Let t = 8 - 2. Let s(m) = m**3 + 3*m - 12. Let c be s(3). Let k = c + t. What are the prime factors of k?
2, 3, 5
Suppose 0 = -18*w + 10*w + 464. Suppose w = 5*s + 8. Let r(j) = -j**3 + 13*j**2 - 14*j - 5. What are the prime factors of r(s)?
5, 31
Let h = 11493 - 7551. List the prime factors of h.
2, 3, 73
Suppose 32*y - 4672 = 30*y - 3*t, -7034 = -3*y + 2*t. What are the prime factors of y?
2, 1171
Let c(y) = -390*y**3 + 7*y**2 + 13*y + 39. List the prime factors of c(-3).
3, 11, 107
Let u(g) = -g**3 + 5*g**2 + 6*g - 2. Let c be u(4). Let o = c + -14. Let s = o + -19. What are the prime factors of s?
5
Let r(t) = 2*t + 6*t - t - t - 15*t + 408. List the prime factors of r(-56).
2, 3, 19
What are the prime factors of 1/(-3) + (2 - (-774020)/78)?
5, 397
What are the prime factors of ((-15183)/18 - -12)*-2?
1663
What are the prime factors of 26121 - ((-52)/(-65))/(34/(-10) + 3)?
151, 173
Suppose -15*x + 7*x = -288. Let l = x + 76. What are the prime factors of l?
2, 7
Let a = 78 - 25. Let c = 50 - a. List the prime factors of (404/8)/(((-3)/2)/c).
101
Suppose -16 = -6*g - 2*g. Suppose -2*d + 601 = 3*w, -g*w + 5*w + 1513 = 5*d. Suppose -22 = 2*h - d. List the prime factors of h.
2, 5, 7
Let h(n) = 3*n - 14*n - 3*n - 8 + 0. Let m = -28 + 24. What are the prime factors of h(m)?
2, 3
Let a be (-13 + 11 + 2)/2. Let d be (1 - (-21)/(-9))*-3. Suppose 87 = 3*m + 2*s, -m + 29 + a = d*s. What are the prime factors of m?
29
Suppose 0 = -4*r - 28, -84*c = -80*c + 3*r - 74735. List the prime factors of c.
11, 1699
Suppose 2*j + 40 = 5*a, 0 = -j - j - 5*a - 80. Let b be -3 + 1 + j/(-15). Suppose 5*y - 83 - 322 = b. List the prime factors of y.
3
Let q be (1 + 8/(-2))/(-1 + 0). Suppose b - 7 = -q. Let x(p) = 7*p**2 + 2*p - 7. What are the prime factors of x(b)?
113
Suppose -2*f + 3024 = -3*p - 8028, 0 = f - 3*p - 5529. List the prime factors of f.
3, 7, 263
Let i be (-3*4/12)/((-4)/(-56)). Let m be i/(-6) - 2/6. Suppose 2*k - 164 = -m*w, 53 = 5*k - w - 327. List the prime factors of k.
7, 11
Suppose 19128 - 74947 = -d + p, 5*d + 4*p = 279023. What are the prime factors of d?
7, 17, 67
Let t = -6085 - -24654. List the prime factors of t.
31, 599
Let z(j) = 64*j**3 + 2*j**2 + 3*j + 2. Let y be z(-1). Let k = y - -67. Suppose -k*t + 139 = -293. What are the prime factors of t?
2, 3
Let t(l) be the third derivative of -l**4/12 + 43*l**3/6 + 22*l**2. Let o be t(17). List the prime factors of (-2)/o - (-3 + 3115/(-45)).
2, 3
Suppose s = 3*k - 27